{"id":224,"date":"2021-02-09T21:45:45","date_gmt":"2021-02-09T20:45:45","guid":{"rendered":"https:\/\/www.rr-gym.ch\/setup\/?page_id=224"},"modified":"2021-02-16T10:32:17","modified_gmt":"2021-02-16T09:32:17","slug":"impressum","status":"publish","type":"page","link":"https:\/\/www.rr-gym.ch\/setup\/impressum\/","title":{"rendered":"Impressum"},"content":{"rendered":"\n<p><strong>Kontakt-Adresse<\/strong><\/p>\n\n\n\n<p>RR-Gym GmbH<br>Telmaweg 2<br>3662 Seftigen<br>Schweiz<\/p>\n\n\n\n<p>E-Mail:<br>info@rr-gym.ch<br><\/p>\n\n\n\n<p><strong>Vertretungsberechtigte Person(en)<\/strong><\/p>\n\n\n\n<p>Raphael R\u00f6llin, Gesellschafter und Vorsitzender der Gesch\u00e4ftsf\u00fchrung<br>Angela R\u00f6llin, Gesellschafterin und Gesch\u00e4ftsf\u00fchrerin<br><\/p>\n\n\n\n<p><strong>Handelsregister-Eintrag<\/strong><\/p>\n\n\n\n<p>Eingetragener Firmenname: RR-Gym GmbH<br>Handelsregister Nr: CH-036.4.083.331-6<br><\/p>\n\n\n\n<p><strong>Haftungsausschluss<\/strong><\/p>\n\n\n\n<p>Der Autor \u00fcbernimmt keinerlei Gew\u00e4hr hinsichtlich der inhaltlichen Richtigkeit, Genauigkeit, Aktualit\u00e4t, Zuverl\u00e4ssigkeit und Vollst\u00e4ndigkeit der Informationen.<\/p>\n\n\n\n<p>Haftungsanspr\u00fcche gegen den Autor wegen Sch\u00e4den materieller oder immaterieller Art, welche aus dem Zugriff oder der Nutzung bzw. Nichtnutzung der ver\u00f6ffentlichten Informationen, durch Missbrauch der Verbindung oder durch technische St\u00f6rungen entstanden sind, werden ausgeschlossen.<\/p>\n\n\n\n<p>Alle Angebote sind unverbindlich. Der Autor beh\u00e4lt es sich ausdr\u00fccklich vor, Teile der Seiten oder das gesamte Angebot ohne besondere Ank\u00fcndigung zu ver\u00e4ndern, zu erg\u00e4nzen, zu l\u00f6schen oder die Ver\u00f6ffentlichung zeitweise oder endg\u00fcltig einzustellen.<\/p>\n\n\n\n<p><strong>Haftungsausschluss f\u00fcr Links<\/strong><\/p>\n\n\n\n<p>Verweise und Links auf Webseiten Dritter liegen ausserhalb unseres Verantwortungsbereichs. Es wird jegliche Verantwortung f\u00fcr solche Webseiten abgelehnt. Der Zugriff und die Nutzung solcher Webseiten erfolgen auf eigene Gefahr des jeweiligen Nutzers.<\/p>\n\n\n\n<p><strong>Urheberrechte<\/strong><\/p>\n\n\n\n<p>Die Urheber- und alle anderen Rechte an Inhalten, Bildern, Fotos oder anderen Dateien auf dieser Website, geh\u00f6ren ausschliesslich&nbsp;<strong>der Firma RR-Gym GmbH<\/strong>&nbsp;oder den speziell genannten Rechteinhabern. F\u00fcr die Reproduktion jeglicher Elemente ist die schriftliche Zustimmung des Urheberrechtstr\u00e4gers im Voraus einzuholen.<\/p>\n\n\n\n<p><br><br>Quelle:&nbsp;<a href=\"https:\/\/www.swissanwalt.ch\/\" target=\"_blank\" rel=\"noreferrer noopener\">SwissAnwalt<\/a><\/p>\n","protected":false},"excerpt":{"rendered":"<p>Kontakt-Adresse RR-Gym GmbHTelmaweg 23662 SeftigenSchweiz E-Mail:info@rr-gym.ch Vertretungsberechtigte Person(en) Raphael R\u00f6llin, Gesellschafter und Vorsitzender der Gesch\u00e4ftsf\u00fchrungAngela R\u00f6llin, Gesellschafterin und Gesch\u00e4ftsf\u00fchrerin Handelsregister-Eintrag&hellip;<\/p>\n","protected":false},"author":1,"featured_media":0,"parent":0,"menu_order":0,"comment_status":"closed","ping_status":"closed","template":"","meta":[],"yoast_head":"<!-- This site is optimized with the Yoast SEO plugin v16.2 - https:\/\/yoast.com\/wordpress\/plugins\/seo\/ -->\n<title>Impressum - rr-gym<\/title>\n<meta name=\"robots\" content=\"index, follow, max-snippet:-1, max-image-preview:large, max-video-preview:-1\" \/>\n<link rel=\"canonical\" href=\"https:\/\/www.rr-gym.ch\/setup\/impressum\/\" \/>\n<meta property=\"og:locale\" content=\"de_DE\" \/>\n<meta property=\"og:type\" content=\"article\" \/>\n<meta property=\"og:title\" content=\"Impressum - rr-gym\" \/>\n<meta property=\"og:description\" content=\"Kontakt-Adresse RR-Gym GmbHTelmaweg 23662 SeftigenSchweiz E-Mail:info@rr-gym.ch Vertretungsberechtigte Person(en) Raphael R\u00f6llin, Gesellschafter und Vorsitzender der Gesch\u00e4ftsf\u00fchrungAngela R\u00f6llin, Gesellschafterin und Gesch\u00e4ftsf\u00fchrerin Handelsregister-Eintrag&hellip;\" \/>\n<meta property=\"og:url\" content=\"https:\/\/www.rr-gym.ch\/setup\/impressum\/\" \/>\n<meta property=\"og:site_name\" content=\"rr-gym\" \/>\n<meta property=\"article:modified_time\" content=\"2021-02-16T09:32:17+00:00\" \/>\n<meta name=\"twitter:card\" content=\"summary_large_image\" \/>\n<meta name=\"twitter:label1\" content=\"Gesch\u00e4tzte Lesezeit\">\n\t<meta name=\"twitter:data1\" content=\"1\u00a0Minute\">\n<script type=\"application\/ld+json\" class=\"yoast-schema-graph\">{\"@context\":\"https:\/\/schema.org\",\"@graph\":[{\"@type\":\"WebSite\",\"@id\":\"https:\/\/www.rr-gym.ch\/setup\/#website\",\"url\":\"https:\/\/www.rr-gym.ch\/setup\/\",\"name\":\"rr-gym\",\"description\":\"\",\"potentialAction\":[{\"@type\":\"SearchAction\",\"target\":\"https:\/\/www.rr-gym.ch\/setup\/?s={search_term_string}\",\"query-input\":\"required name=search_term_string\"}],\"inLanguage\":\"de\"},{\"@type\":\"WebPage\",\"@id\":\"https:\/\/www.rr-gym.ch\/setup\/impressum\/#webpage\",\"url\":\"https:\/\/www.rr-gym.ch\/setup\/impressum\/\",\"name\":\"Impressum - rr-gym\",\"isPartOf\":{\"@id\":\"https:\/\/www.rr-gym.ch\/setup\/#website\"},\"datePublished\":\"2021-02-09T20:45:45+00:00\",\"dateModified\":\"2021-02-16T09:32:17+00:00\",\"breadcrumb\":{\"@id\":\"https:\/\/www.rr-gym.ch\/setup\/impressum\/#breadcrumb\"},\"inLanguage\":\"de\",\"potentialAction\":[{\"@type\":\"ReadAction\",\"target\":[\"https:\/\/www.rr-gym.ch\/setup\/impressum\/\"]}]},{\"@type\":\"BreadcrumbList\",\"@id\":\"https:\/\/www.rr-gym.ch\/setup\/impressum\/#breadcrumb\",\"itemListElement\":[{\"@type\":\"ListItem\",\"position\":1,\"item\":{\"@type\":\"WebPage\",\"@id\":\"https:\/\/www.rr-gym.ch\/setup\/\",\"url\":\"https:\/\/www.rr-gym.ch\/setup\/\",\"name\":\"Home\"}},{\"@type\":\"ListItem\",\"position\":2,\"item\":{\"@id\":\"https:\/\/www.rr-gym.ch\/setup\/impressum\/#webpage\"}}]}]}<\/script>\n<!-- \/ Yoast SEO plugin. -->","_links":{"self":[{"href":"https:\/\/www.rr-gym.ch\/setup\/wp-json\/wp\/v2\/pages\/224"}],"collection":[{"href":"https:\/\/www.rr-gym.ch\/setup\/wp-json\/wp\/v2\/pages"}],"about":[{"href":"https:\/\/www.rr-gym.ch\/setup\/wp-json\/wp\/v2\/types\/page"}],"author":[{"embeddable":true,"href":"https:\/\/www.rr-gym.ch\/setup\/wp-json\/wp\/v2\/users\/1"}],"replies":[{"embeddable":true,"href":"https:\/\/www.rr-gym.ch\/setup\/wp-json\/wp\/v2\/comments?post=224"}],"version-history":[{"count":2,"href":"https:\/\/www.rr-gym.ch\/setup\/wp-json\/wp\/v2\/pages\/224\/revisions"}],"predecessor-version":[{"id":236,"href":"https:\/\/www.rr-gym.ch\/setup\/wp-json\/wp\/v2\/pages\/224\/revisions\/236"}],"wp:attachment":[{"href":"https:\/\/www.rr-gym.ch\/setup\/wp-json\/wp\/v2\/media?parent=224"}],"curies":[{"name":"wp","href":"https:\/\/api.w.org\/{rel}","templated":true}]}}